 Calculate the remainder when (0 - 1)/(6/(-222)) is divided by y.
18
Let o(p) = 3*p + 6. Let s = 0 - -7. Let v be o(s). Suppose -4*j + v = 7, 3*w + j - 122 = 0. What is the remainder when w is divided by 20?
19
Let r(w) = -476*w**3 - 8*w + 18 + 475*w**3 + 6*w**2 + 5*w**2. Calculate the remainder when r(10) is divided by (-3*4 - 2)/(-1).
10
Suppose -352 = 13*o - 443. What is the remainder when 114 is divided by o?
2
What is the remainder when 2 + 261 + 6 + -11 is divided by ((-132)/14)/((-1)/7) - 0?
60
What is the remainder when (-1)/(32/56 - (-619)/(-1071)) is divided by 41?
30
Suppose -4*n + n = -27. Let t = -5 + n. Suppose 0 = t*z + 4, -2*p - 65 = -4*p + 5*z. Calculate the remainder when 58 is divided by p.
28
What is the remainder when 176 is divided by (-1 + -4)/(5/(-71))?
34
Let p(h) = -32*h - 2. Let u be p(-7). Suppose 5*r + 62 = u. What is the remainder when 95 is divided by r?
31
Suppose 0 = 17*j - 630 + 35. What is the remainder when 1048 is divided by j?
33
Let l(h) = -2*h + 162. Calculate the remainder when l(11) is divided by 37.
29
Let k = 435 - 402. What is the remainder when 65 is divided by k?
32
Suppose -80*x + 78*x + 2*l + 82 = 0, 0 = 5*x + 4*l - 241. Calculate the remainder when 91 is divided by x.
1
Suppose -8*s = -2*w - 190, 0*s = 2*s - 2*w - 52. What is the remainder when 112 is divided by s?
20
Suppose 3*l + 3*f - 5*f - 16 = 0, 25 = 5*l - 3*f. Suppose -370 - 66 = -2*c - 4*b, l*c - 3*b = 450. Calculate the remainder when c is divided by 16.
14
Let a(h) = -2*h + 1. Let i be a(0). Suppose -f + i = -3. Suppose 0 = 3*p - 2*y - 0*y - 61, 2*y = -f. What is the remainder when p is divided by 4?
3
Let q(g) = -17*g + 5. Let p be q(-1). Suppose -p + 190 = 4*m. Calculate the remainder when 83 is divided by m.
41
Let k = 246 + -435. Let w = k - -135. Let n = w + 95. What is the remainder when n is divided by 22?
19
Let n(t) = 2*t**2 + 6*t + 1. Calculate the remainder when (-10 + -13)/(44/12 - 4) is divided by n(-6).
32
Calculate the remainder when 96 is divided by ((-12906)/(-33))/6 - (-30)/(-165).
31
Suppose -5*d = -2*d - 249. Suppose 3*s - 42 = -3*t, 4*s + 2*t = d - 29. What is the remainder when s is divided by 4?
1
Let x(m) = -m**3 - 19*m**2 - 22*m + 9. Let z be x(-18). Let o = z + -56. Let k(j) = -j**3 - 4*j**2 + 3*j + 4. What is the remainder when o is divided by k(-5)?
11
Suppose 5*g = -3*m + 343, -g + 5*m - m = -64. Let k(a) = 501*a - 1489. What is the remainder when g is divided by k(3)?
12
Suppose -30*t - 805 = -4135. What is the remainder when t is divided by 40?
31
Let a(k) = k**2 + 4*k + 5. Let h(f) = -f**2 - 9*f - 6. Calculate the remainder when a(-5) is divided by h(-7).
2
Suppose 3*g = 35 + 1. What is the remainder when g is divided by (-335)/(-65) - 2/13?
2
Suppose 8 + 519 = 17*m. Calculate the remainder when 88 is divided by m.
26
Let k = 351 + -123. Calculate the remainder when k is divided by 47.
40
Suppose 105*l = -662 + 6122. Calculate the remainder when 727 is divided by l.
51
Calculate the remainder when (2/5)/((-12)/(-2040)) is divided by -2*1/(2/(-20)).
8
Let s = -226 - -407. What is the remainder when s is divided by 54?
19
Let u(j) = 28*j - 51. Let h be u(30). Suppose 9*o + 141 = h. What is the remainder when o is divided by 25?
22
Let f = 6 + 14. Suppose -5*k = 5, 4*k + 1 = -3*i + 3. Suppose 2*v + 0*c - 114 = c, -114 = -i*v + 4*c. Calculate the remainder when v is divided by f.
17
What is the remainder when 12 is divided by 6*(-4)/60 - 210/(-25)?
4
Let a(l) = -94*l + 256. What is the remainder when a(0) is divided by 80?
16
Let t be 6/(-4) + 58*12/16. Let a = t + -40. What is the remainder when 2/4 + (-13)/(-2) is divided by a?
1
Let u(c) = -26*c - 1. Let q be u(1). Let a = q + 35. Calculate the remainder when 17 is divided by (-4 - (-20)/a)*-6.
8
Let q(m) be the second derivative of m**3/2 - 3*m**2/2 + 12*m. Calculate the remainder when -88*(-2 - 6/(-4)) is divided by q(6).
14
Calculate the remainder when 245/2 + 2/4 is divided by (5/(-1))/1*(0 - 5).
23
Let d = 1434 + -1399. What is the remainder when 265 is divided by d?
20
Let d(b) = -b**3 - 5*b**2 + b + 25. Let g be d(-5). What is the remainder when 179 is divided by 2/((-8)/(-6))*g/1?
29
Let s be -2*1*21/(-14). Suppose 0 = -s*a + 2*g + 70, 4*g = 5*a - 1 - 115. What is the remainder when 69 is divided by a?
21
Let q(n) = 9*n**2 - 11*n + 8. Let g be q(4). Let j = g + -79. Calculate the remainder when j is divided by 6.
5
Suppose 0 = -6*c + 2*c. Suppose c*j = j - 3. Suppose 2*s + 46 = p + j*p, -p + 2*s + 16 = 0. What is the remainder when 35 is divided by p?
5
Let l(g) = -g**2 - 11*g - 3. Let v be l(-8). Let k = v - 11. What is the remainder when 37 is divided by k?
7
Suppose 3*s + 21 = 6*s. Suppose -2*v + 4*o + 0 = -4, -3*o = v - s. Calculate the remainder when 7 is divided by v.
3
Let f(k) = -k**2 - 10*k - 8. Let g be f(-7). Let l = -11 + g. Suppose 2*x - 86 = 2*b, -l*b = -0*b - 2. What is the remainder when x is divided by 12?
8
Suppose -m + 5*m - 4 = 0. Suppose 2 = c - m. Suppose 0 = 5*i - q - 15, -4*i + 12 = -q - 2*q. Calculate the remainder when c is divided by i.
0
Suppose -4*m = 17 - 5. Let c(v) = -2*v. Let j be c(m). Calculate the remainder when 4 is divided by 14/j - 6/18.
0
Suppose 10*y + 59 = 279. Calculate the remainder when 151 is divided by y.
19
Suppose 3*z = -0*z + 198. Let w be (3 + -2 - 42) + -2. Let k = z + w. Calculate the remainder when k is divided by 13.
10
Let k(m) = 2*m**2 + 4*m - 4. Calculate the remainder when k(4) is divided by 0 + 3 - (-1 + 3 - 11).
8
Let u = 85 - 39. Let f = -39 + u. What is the remainder when 40 is divided by f?
5
Suppose -2*u + 4*j + 38 = 0, u = -5*j - 8 + 34. Suppose 54 = 5*a - 2*a. Suppose -3*f + 0 = -a. Calculate the remainder when u is divided by f.
3
Let d(v) = v**3 - 6*v**2 - 18*v + 1. Let c be d(6). Let k = 126 + c. Calculate the remainder when k is divided by 7.
5
Let o = 1 + 8. Suppose 5*r = 0, -24 = 4*t - r + 5*r. Let m = t + 30. Calculate the remainder when m is divided by o.
6
Suppose 0 = -183*g + 182*g + 138. Calculate the remainder when g is divided by 47.
44
Let a = -89 + 232. Calculate the remainder when a is divided by 16.
15
Suppose -4*g = -2*y - 172, -4*g = 7*y - 4*y - 162. Let v be (2/4)/((-3)/(-114)). Let f = -8 + v. What is the remainder when g is divided by f?
9
Let d = 602 - 592. Calculate the remainder when 94 is divided by d.
4
Suppose -k + j + 3*j = 57, k + 41 = -4*j. Let i = k + 79. What is the remainder when 111 is divided by i?
21
Calculate the remainder when 29 is divided by (-160)/400 + (-2)/(20/(-134)).
3
Suppose 35 = 4*b - 17. What is the remainder when 50 is divided by (-1)/((-1)/b*(0 - -1))?
11
Suppose 0 = -5*d + 4*z + 326, 5*z - 22 + 17 = 0. What is the remainder when d is divided by 34?
32
Calculate the remainder when 320/6*468/195 is divided by 54.
20
Suppose -4*z = -2*l - 94, -60 - 35 = -5*z - 5*l. Calculate the remainder when 109 is divided by z.
21
Suppose 6*d - 114 = 4*d. Suppose -22*x + 5*x = -51. Suppose 3*w = -3, -x*i - 96 = -8*i - 4*w. What is the remainder when d is divided by i?
17
Suppose -1 - 5 = -3*u. Suppose u*p + 17 = 3*p. Calculate the remainder when p is divided by 9.
8
Suppose -19 = -5*f + g + 2*g, -3*f = g - 3. Suppose -f*x + w = x - 114, -3*x + 3*w = -108. What is the remainder when x is divided by 12?
3
Suppose -24*m - 20 = -28*m. Suppose 2*a + 136 = t - 48, m*a + 15 = 0. What is the remainder when t is divided by 36?
34
Suppose 6*s - 3*s + 7 = -2*q, 4*s + 1 = -q. Suppose -v - 19 = -w, 4*w + 4*v - 70 = -2. Calculate the remainder when w is divided by (-1)/(-2)*0 - q.
3
Suppose 0 = -4*c - 4*v + 136, v = 5*c - 58 - 124. Let f = -14 + c. What is the remainder when f is divided by -1 - -1 - 1 - (8 - 15)?
4
Suppose -5*v = s - 17, -v + 2*v - 37 = -3*s. Calculate the remainder when 119 is divided by s.
11
Let c = -92 + 134. Suppose -18*w + 25*w - 1148 = 0. Calculate the remainder when w is divided by c.
38
Let h = -2183 - -2206. Suppose -2*r + a + 275 = 2*a, 4*r = 4*a + 532. What is the remainder when r is divided by h?
21
Suppose -866 = -8*h + 1230. Let c = h - 180. Let j = 63 + -42. Calculate the remainder when c is divided by j.
19
Suppose 5*k = 3*b + 26, -3*k + 4*k = -b + 2. Suppose -q - 5*j - 9 = 6, -32 = -k*q + 3*j. What is the remainder whe